 Is q composite?
False
Let t be -6 - 112/(-12) - 1/3. Suppose t*v - 2*z = z + 5013, -2*z = -v + 1673. Is v composite?
False
Let r = 228 + -161. Let y be (-1980)/27*(-12)/8. Suppose 3*s = y + r. Is s composite?
False
Is ((-994542)/248)/((-3)/4) a composite number?
False
Suppose 9*p + 10796 = 13*p. Let m = p + -1740. Is m prime?
False
Let r(o) be the third derivative of 97*o**6/24 + o**5/60 - o**4/24 - 3*o**2. Suppose 5*i - 7 = -2. Is r(i) prime?
False
Suppose 0 = -5*f - 4*w + 269 + 475, f - 147 = w. Suppose -2*y - 20 - 46 = -2*h, 3*y + 5*h = -67. Let m = y + f. Is m composite?
True
Let d(r) = -r**2 + 6*r - 4. Let v be d(4). Suppose 0 = -5*p + 3*f + 100, 4*f = -7*p + 2*p + 100. Suppose v*j + p = 0, 0*n - 1554 = -n - j. Is n prime?
True
Let g = 830 - 15. Suppose -3203 = -4*r - 5*w + 2*w, 4*w = r - g. Is r a prime number?
False
Let m(i) be the second derivative of -i**5/20 + 5*i**4/6 + i**3/3 + 15*i**2/2 - 13*i. Is m(10) a prime number?
False
Let u = -559 - -2171. Let x = u + -861. Is x a prime number?
True
Suppose 4*p + 3*k = 9349, p = 2*p + 4*k - 2334. Let t = p - 800. Suppose -5*s + t = 373. Is s composite?
False
Suppose 0 = 2*j - 4940 - 17880. Let c = j - 8015. Suppose c = 12*d - 7*d. Is d composite?
True
Let g = 13 - 9. Suppose -5*h - g*a + 37 = 0, -3*a - a + 22 = 2*h. Suppose -2*i = -h*i + 69. Is i prime?
True
Is (-110124)/(-44) + -7 + (-158)/(-22) a composite number?
False
Let p = 97 + -92. Let d(m) be the second derivative of m**5/10 - 2*m**4/3 + 4*m**3/3 - 7*m**2/2 - m. Is d(p) a prime number?
True
Let x(l) = -l**3 - 2*l**2 + l - 1. Let z be x(-3). Let y(u) = -4*u**2 + u. Let c be y(z). Let s = c - -141. Is s prime?
False
Suppose -14*w + 32*w - 79506 = 0. Is w prime?
False
Suppose j - 22 + 20 = 0. Suppose u = 3*k - 10171, j*k + u - 6762 = -3*u. Is k a prime number?
True
Let q = -79 - -84. Suppose -j = -q*c + 8246, 2*c + j = c + 1648. Is c prime?
False
Let m be ((-8)/2)/(-2 - 0). Let k(f) = -1 + 3*f + 3*f - 3*f**m + 9*f**2. Is k(8) a prime number?
True
Is (4/(-2))/(154/(-1381611)) a prime number?
False
Let s = -4 - -9. Let g(w) = w**3 + 19*w**2 + 3*w - 6. Let o be g(-9). Suppose -o + 2632 = s*l. Is l a composite number?
True
Suppose 4*q = -3*i + 158984, 228718 - 29985 = 5*q + 3*i. Is q composite?
False
Let s = -537 - -848. Let i = 627 - s. Suppose r + 3*r = i. Is r prime?
True
Suppose 4*k + 50116 = 2*z + 7570, -z = -3*k - 21274. Is z composite?
True
Let j(l) = -l**3 + 3*l**2 + l + 11 + 10 - 6 - 14*l**2. Let s be j(-11). Suppose 0 = -s*q + 2*m + 1646, -240 = q - m - 654. Is q prime?
True
Let z be (-4276)/(-8) - 1/2. Suppose -2136 = -28*a + 4*a. Suppose -5*t - a = -z. Is t composite?
False
Suppose 5*o - 93480 = -5*z, -3*o + 84681 - 28600 = -4*z. Is o a prime number?
False
Suppose y - 661 = -4*d - 3990, 2488 = -3*d + y. Let z(j) = -116*j + 4. Let u be z(4). Let m = u - d. Is m composite?
True
Is (-6 - (-821373)/77) + 4/(-22) a composite number?
True
Suppose 8 = x + 3*x. Suppose -x*c - 89 = -3*c. Suppose -3*o - 999 = -3*f, 0 = -f + 4*o + c + 232. Is f a composite number?
False
Let i = 6436 + 9193. Is i a prime number?
True
Let v be (0 + -5)*(-16)/40. Suppose 3*l = v*l + 3. Suppose -84 = -l*h + 3*y, -3*h = -0*h - 4*y - 89. Is h prime?
True
Suppose -8*j = 131498 - 536866. Is j a prime number?
True
Let s = -42925 + 62312. Is s composite?
False
Is (-50607)/6*(20/(-12) + 1) prime?
True
Suppose 5*k + 5*g = 40, -2*g = 4*k + g - 28. Suppose 4*l = -4*p + 5864, k*p + 1491 = 4*l - 3*l. Is l a composite number?
False
Suppose 87*a + 2409 = 98*a. Is a a prime number?
False
Let r(l) = -30*l + 19. Let o(b) = -15*b + 10. Let c(k) = -5*o(k) + 3*r(k). Is c(-10) prime?
True
Let b(g) = 6*g**3 + 29*g**2 - 33*g**2 + 5 + 2*g - 4*g. Is b(4) a composite number?
False
Suppose 1 = -5*x - 9, -x + 31 = 3*o. Suppose 5*j = -o + 1. Let r(l) = -27*l - 1. Is r(j) a prime number?
True
Let r = -34 + 28. Is 349614/66 - r/(-33) prime?
True
Let b(c) = -6190*c - 61. Is b(-6) a composite number?
True
Let j = -45 + 265. Is j - 8 - (-1 - -2) prime?
True
Let f be (-9)/2*(-2776)/(-6). Is ((-3)/9)/(2/f) composite?
False
Suppose -12*w + 10*w - 10 = 0, 0 = -3*v + 3*w + 420. Let s = 4 + v. Is s composite?
False
Let d(y) be the first derivative of -7*y - 1/4*y**4 - 4 - 5/2*y**2 - 3*y**3. Is d(-9) a prime number?
False
Let t(w) = 4*w + 34. Let a(m) = -m + 28. Let y(d) = -2*d + 27. Let i(f) = 7*a(f) - 6*y(f). Let o(q) = -6*i(q) + 7*t(q). Is o(0) prime?
False
Let x(h) = -h**3 + 5*h**2 - 3*h - 5. Let c be x(4). Is 1228/6*3/(-2)*c a composite number?
False
Let t = -9 - -12. Suppose 5*a - 8 = 2, -t*b - 5*a - 8 = 0. Is b/9 - 20/(-3) a prime number?
False
Let g = 81 - 41. Let r be (-2)/(-8) - (-4470)/g. Suppose -2*u + r = -2*p, -87 = -2*u + 3*p - 6*p. Is u composite?
True
Suppose 0 = 5*g - 3*w - 0*w - 1736, 4*w - 1030 = -3*g. Suppose -g = -5*l - 2*d, 0*d - 68 = -l - d. Let r = l - -265. Is r prime?
False
Suppose 0 = 32*v - 247434 - 32342. Is v a prime number?
False
Let w(u) = u. Let a be w(4). Let f be a/14 - (-14)/(-49). Suppose f = -2*x + 5*x - 153. Is x composite?
True
Let d(q) = 4*q**2 + 2*q + 1. Let x be d(-1). Suppose 84 = -x*a + 1305. Is a composite?
True
Let f(o) = -19*o**2 - 5*o + 21. Let x(s) = 37*s**2 + 11*s - 41. Let a(d) = -13*f(d) - 6*x(d). Is a(5) composite?
False
Let g be 23/4 + (14/(-8) - -2). Is ((-1)/((-6)/(-747)))/(g/(-20)) prime?
False
Let v = 4319 - 2416. Is v a prime number?
False
Let r(n) = 27*n - 2. Let f be (0/2)/(12 + -13). Suppose z = -f*z - 3*y + 3, 3*z - y - 9 = 0. Is r(z) prime?
True
Let t = 31 - 19. Suppose -2*p = -5*p + t. Suppose -5*f + 2602 = -3*g, 7*f = p*f - 3*g + 1566. Is f a composite number?
False
Let d(s) = -s**3 + 6*s**2 + 30*s + 26. Is d(-11) prime?
True
Let s = -3870 + 7069. Is s a prime number?
False
Is 534 + 2/3*-12 a prime number?
False
Is ((-108)/36)/(11388/(-11379) + 1) composite?
False
Suppose -2*d + 6*d = 5*s - 50, s = -3*d - 9. Suppose 2*z - 614 = -8*k + 4*k, -k - 928 = -3*z. Is s/21 + z/21 a composite number?
True
Suppose -h = -13299 - 14492. Is h prime?
True
Suppose 2*i = -3*z + 27, 0*z - 2*i + 13 = z. Suppose z*h - 4044 = h. Is (h/(-4))/(4/(-8)) prime?
True
Let v be (14/(-21))/(-1 - 12/(-9)). Is (42/16)/(9/(-12))*v a prime number?
True
Suppose 0 = 4*h - o - 3232, -3*h - 2*o = -4*h + 801. Is h prime?
True
Is (-32)/(-12) - (-2)/6 - -9724 a prime number?
False
Suppose -374378 = -25*b + 1329897. Is b a prime number?
True
Is ((-21)/(-6) + -3)*(31048 + 6) a prime number?
True
Suppose -q + 2*q = -2*s + 9565, -2*q - 23917 = -5*s. Is s a composite number?
False
Let m = -1 - -1. Suppose 145*t = 138*t + 3143. Suppose -b = -m*b - t. Is b composite?
False
Let u = -1148 - -1910. Suppose -3*a + 432 = -y - 140, -4*a + 2*y = -u. Is a prime?
True
Let c(o) = -o**3 - 6*o**2 - 4*o + 5. Let m be c(-5). Suppose -3*n + 3*s + 333 + 123 = m, -4*s = -12. Let b = 36 + n. Is b prime?
True
Let p(y) = 11*y**2 + 2*y + 14. Let x be p(5). Suppose x + 574 = 3*u. Is u prime?
False
Suppose -10*u = -7*u - 1524. Suppose 2*v - 3*f - u = 0, 3*v - 869 = f - 114. Is v composite?
False
Let f = -56 - -56. Suppose -3*a = -f*a - 426. Is a prime?
False
Suppose 5*v - 15 = -3*q + 10, -4*v - 2*q + 18 = 0. Suppose -10221 = -b - v*b. Is b prime?
True
Is ((-20)/15)/(23199/23211 + -1) a composite number?
False
Let m = 2165 + -1494. Is m a prime number?
False
Let i(j) be the second derivative of j**3 - 7*j**2/2 - 11*j. Let l be i(9). Suppose 5*n + l = 2*z - 49, 167 = 3*z + 4*n. Is z prime?
True
Suppose -30*b + 430012 = 14*b. Is b a composite number?
True
Let d(w) = -2*w**3 + 21*w**2 + 10*w + 14. Let b be d(11). Is b + 3789 + (3 - 4) prime?
False
Suppose 2*j + 2*g - 1415 = 255, 0 = 4*j + 5*g - 3344. Is j composite?
True
Suppose 5*g = 0, 4*w - 27304 = 10*g - 14*g. Is w a prime number?
False
Suppose 5*x - 22 = -2*s, 5*s + 8 - 1 = 3*x. Suppose b = -0 + x. Suppose 1524 = b*u - 688. Is u a prime number?
False
Let o = 41571 - -35926. Is o a prime number?
False
Suppose t - 2 = 2*p, 0*p - 3 = -4*t + 3*p. Suppose 4*w - 5*u - 236 = -t*w, -w + 59 = -5*u. Is w prime?
True
Let b be (-2381)/(-4) - 18/(-24). Suppose 0 = -23*l + 19*l - b. Let x = 258 - l. Is x a composite number?
True
Suppose -10*b + 21831 + 34999 = 0. Is b prime?
True
Let m(y) = -2946*y - 12 + 4 + 2689*y. Is m(-5) prime?
True
Let z = 499 + -96. L